d by 3586?
52
Calculate the remainder when 329207 is divided by 41120.
247
Calculate the remainder when 504586312 is divided by 13.
9
What is the remainder when 250047 is divided by 5976?
5031
Calculate the remainder when 9534316 is divided by 176561.
22
Calculate the remainder when 434423498 is divided by 3.
2
What is the remainder when 1240330 is divided by 285?
10
What is the remainder when 116063 is divided by 4947?
2282
Calculate the remainder when 3199661 is divided by 58.
33
What is the remainder when 560293517 is divided by 2540?
2537
Calculate the remainder when 58373811 is divided by 535.
496
What is the remainder when 1342258 is divided by 167525?
2058
What is the remainder when 553961 is divided by 3062?
2801
What is the remainder when 181603 is divided by 4?
3
What is the remainder when 105873 is divided by 2465?
2343
What is the remainder when 2704 is divided by 883?
55
Calculate the remainder when 217098 is divided by 6235.
5108
Calculate the remainder when 2296696 is divided by 70.
66
Calculate the remainder when 130423 is divided by 7626.
781
Calculate the remainder when 93875 is divided by 2412.
2219
What is the remainder when 707819 is divided by 328?
323
Calculate the remainder when 21112673 is divided by 187.
186
Calculate the remainder when 3940 is divided by 3135.
805
What is the remainder when 3683102 is divided by 1748?
66
Calculate the remainder when 6566449 is divided by 6566439.
10
What is the remainder when 64054 is divided by 20309?
3127
What is the remainder when 49924 is divided by 2639?
2422
What is the remainder when 3076163 is divided by 2202?
2171
What is the remainder when 96103 is divided by 15889?
769
What is the remainder when 16233013 is divided by 2036?
2021
Calculate the remainder when 154714666 is divided by 65308.
14
What is the remainder when 1451962 is divided by 1852?
1846
What is the remainder when 83734 is divided by 35078?
13578
Calculate the remainder when 166281343 is divided by 22.
19
Calculate the remainder when 6537670 is divided by 513.
511
Calculate the remainder when 2387223 is divided by 125.
98
Calculate the remainder when 2388578 is divided by 1469.
1453
Calculate the remainder when 25382040 is divided by 18195.
15
What is the remainder when 72845 is divided by 3306?
113
What is the remainder when 420973 is divided by 11961?
2338
What is the remainder when 128864 is divided by 128787?
77
What is the remainder when 1923777 is divided by 26?
11
What is the remainder when 17906333 is divided by 84864?
29
Calculate the remainder when 6728208 is divided by 5055.
3
Calculate the remainder when 7918575 is divided by 76879.
38
Calculate the remainder when 96514 is divided by 47299.
1916
Calculate the remainder when 126632 is divided by 5276.
8
What is the remainder when 78141 is divided by 6004?
89
Calculate the remainder when 1973573 is divided by 902.
899
Calculate the remainder when 137917 is divided by 64.
61
What is the remainder when 285565 is divided by 285540?
25
Calculate the remainder when 4395492 is divided by 2980.
2972
What is the remainder when 77888446 is divided by 22?
20
Calculate the remainder when 13606130 is divided by 4875.
5
Calculate the remainder when 73571519 is divided by 26.
21
Calculate the remainder when 7328950 is divided by 187919.
109
Calculate the remainder when 1029009 is divided by 708.
285
Calculate the remainder when 1188578 is divided by 893.
888
What is the remainder when 6161987 is divided by 5?
2
What is the remainder when 9030397 is divided by 185?
177
What is the remainder when 45244212 is divided by 22622104?
4
Calculate the remainder when 290920 is divided by 2530.
2500
Calculate the remainder when 11296 is divided by 1393.
152
What is the remainder when 62983 is divided by 61009?
1974
Calculate the remainder when 41083213 is divided by 6031.
41
What is the remainder when 26757 is divided by 12536?
1685
Calculate the remainder when 41947 is divided by 2532.
1435
What is the remainder when 2229980 is divided by 523?
431
What is the remainder when 1096763 is divided by 219352?
3
What is the remainder when 89735 is divided by 11066?
1207
Calculate the remainder when 2319087 is divided by 87.
15
What is the remainder when 1391917537 is divided by 3902?
3901
What is the remainder when 758725 is divided by 335?
285
What is the remainder when 195080310 is divided by 65026763?
21
What is the remainder when 25344893 is divided by 32?
29
What is the remainder when 325113 is divided by 2902?
89
Calculate the remainder when 38791 is divided by 1884.
1111
What is the remainder when 4549833 is divided by 893?
891
What is the remainder when 24528 is divided by 12057?
414
What is the remainder when 6534509 is divided by 26?
7
Calculate the remainder when 1619883302 is divided by 27.
23
What is the remainder when 8519465 is divided by 2577?
2480
What is the remainder when 5792815 is divided by 156562?
21
Calculate the remainder when 1986864 is divided by 1308.
12
What is the remainder when 6441118 is divided by 585552?
46
What is the remainder when 256959 is divided by 10705?
39
Calculate the remainder when 3814595 is divided by 1105.
135
Calculate the remainder when 195945 is divided by 97960.
25
What is the remainder when 9969781 is divided by 631?
612
Calculate the remainder when 1589723 is divided by 211.
49
What is the remainder when 5004255 is divided by 2145?
2115
Calculate the remainder when 617154 is divided by 43904.
2498
What is the remainder when 289697 is divided by 94020?
7637
Calculate the remainder when 3288365 is divided by 38.
35
Calculate the remainder when 61330142 is divided by 1747.
1707
What is the remainder when 1996287 is divided by 60?
27
Calculate the remainder when 3292202 is divided by 156765.
137
Calculate the remainder when 827528 is divided by 263.
130
Calculate the remainder when 3417152 is divided by 1120.
32
What is the remainder when 256955 is divided by 1012?
919
What is the remainder when 829638 is divided by 2683?
591
Calculate the remainder when 7360 is divided by 7022.
338
What is the remainder when 1509096 is divided by 23?
20
Calculate the remainder when 3422171 is divided by 72812.
7
What is the remainder when 4836035878 is divided by 2412?
2410
What is the remainder when 366695 is divided by 183281?
133
What is the remainder when 3935056 is divided by 826?
818
What is the remainder when 257643 is divided by 14911?
4156
Calculate the remainder when 886872 is divided by 443418.
36
Calculate the remainder when 12936 is divided by 3177.
228
Calculate the remainder when 26836 is divided by 26836.
0
What is the remainder when 19423345 is divided by 102?
97
What is the remainder when 565876 is divided by 141295?
696
What is the remainder when 267301839 is divided by 26?
25
Calculate the remainder when 34820 is divided by 139.
70
What is the remainder when 16644 is divided by 566?
230
What is the remainder when 871335 is divided by 3247?
1139
Calculate the remainder when 37339036 is divided by 18.
16
Calculate the remainder when 2174974 is divided by 1087453.
68
Calculate the remainder when 8667175 is divided by 89.
88
What is the remainder when 589200 is divided by 415?
315
Calculate the remainder when 2451527 is divided by 897.
26
Calculate the remainder when 21044812 is divided by 664.
660
Calculate the remainder when 279654 is divided by 1454.
486
Calculate the remainder when 4584 is divided by 972.
696
Calculate the remainder when 87003 is divided by 985.
323
What is the remainder when 295094 is divided by 294173?
921
Calculate the remainder when 3824044 is divided by 103352.
20
Calculate the remainder when 41046 is divided by 4556.
42
What is the remainder when 8704392 is divided by 580292?
12
What is the remainder when 16916763 is divided by 121?
116
Calculate the remainder when 25402580 is divided by 396915.
20
What is the remainder when 62862 is divided by 10453?
144
What is the remainder when 791717 is divided by 60884?
225
Calculate the remainder when 602943 is divided by 6.
3
Calculate the remainder when 3502912 is divided by 3502889.
23
What is the remainder when 8535398 is divided by 554?
474
What is the remainder when 2325167 is divided by 122366?
213
Calculate the remainder when 12451483 is divided by 188.